-2). Calculate the greatest common divisor of 50 and t.
10
Let y = -45 + 97. Suppose 0 = -l + 4*d + y, -3*l + d - 16 = -117. Calculate the highest common factor of 8 and l.
8
Let h = 163 + 37. Calculate the highest common factor of 8 and h.
8
Suppose 46*k + 480 = 49*k. Calculate the highest common divisor of k and 25.
5
Suppose -1512 = -46*y + 2720. Calculate the highest common divisor of 207 and y.
23
Suppose 2*m - 2*a - 320 = a, -5*a = -10. Suppose -5*w = -m - 32. Calculate the greatest common divisor of 312 and w.
39
Suppose 899 = 20*l - 1341. Calculate the greatest common divisor of l and 504.
56
Let v = 37 + -19. Let w be 4/v + 215/45. Suppose -8*s + 4*s = -3*q + 198, 365 = w*q + 5*s. Calculate the highest common divisor of 10 and q.
10
Let x be (-372)/(-18) - 8/(-6). Suppose -4*m + p + 795 = 0, -5*m - 3*p + 6*p + 999 = 0. What is the highest common divisor of m and x?
22
Suppose 4*x - 63 = 5*y, 2*x + 8*y = 5*y + 59. Let z(l) = -5*l - 8. Let i be z(-6). What is the greatest common factor of x and i?
22
Suppose 7*o - 2*o + 4*u - 567 = 0, -15 = -5*u. Calculate the greatest common divisor of 37 and o.
37
Suppose -3*y - 5*s + 150 = 0, 123 = 3*y - 37*s + 33*s. What is the highest common factor of 225 and y?
45
Suppose -56*b + 49*b + 315 = 0. Calculate the greatest common divisor of b and 225.
45
Let v(m) = 45*m + 609. Let g be v(-13). What is the greatest common divisor of 192 and g?
24
Suppose 140 = 4*g + m, -m - 2*m = 12. Let l be (1/(-1))/(8/(-32)). Suppose 2*v + 52 = l*t, t - 5*v = 4 + 18. What is the greatest common factor of t and g?
12
Let x be (-5)/1*165/25. Let z = x - -33. Suppose z*g + 80 = 5*g + 5*c, -5*g - 4*c = -78. What is the greatest common divisor of 112 and g?
14
Suppose o - 260 = -4*o + 5*n, -218 = -4*o + 2*n. Let s = 234 + 52. Let g = s - 248. What is the highest common divisor of o and g?
19
Let p(t) = -20*t**3 + t**2 + 2*t + 1. Let l be p(-1). Suppose 0 = 5*u - 100 + l. Calculate the highest common factor of 96 and u.
16
Let b = -7 - 29. Let i be (1 - -7)*b/(-6). What is the greatest common factor of 120 and i?
24
Let z(d) = d**3 + 3. Let k be z(0). Suppose 4*w - 164 - 100 = 4*a, 292 = 4*w + k*a. What is the greatest common factor of w and 10?
10
Let m = 3045 - 465. What is the highest common divisor of 12 and m?
12
Let c(n) = n**3 + 6*n**2 - 6*n + 7. Let h be c(-7). Let g = h + 12. Suppose -g - 10 = -z. What is the highest common divisor of 176 and z?
22
Let t(i) = 2*i**2 - 10*i + 1. Suppose -d - 4*d + 25 = 0. Let g be t(d). Suppose -l + 15 = -g. What is the highest common divisor of l and 24?
8
Let w be 4 - 2 - (1 + 1). Suppose -2*o + w = -28. Calculate the highest common factor of 35 and o.
7
Let b(m) = m - 8. Let x be b(8). Suppose -5*a + 0*a + 360 = x. What is the greatest common divisor of 24 and a?
24
Let s = -13 + 13. Suppose 3*a + 6 = s, -4*x + 21 - 5 = 4*a. What is the highest common divisor of x and 15?
3
Let g(r) = -r**3 + 8*r**2 - 6*r - 9. Let o be g(7). Let c(s) = 4*s**2 + s + 3. Let j be c(o). Calculate the highest common divisor of j and 221.
17
Let t be (((-84)/9)/14)/((-2)/81). Calculate the highest common divisor of t and 108.
27
Let v be (-2*2/(-4))/(32/384). What is the greatest common divisor of 120 and v?
12
Let a(b) = 15*b**2 + 2*b - 1. Let r be a(1). Suppose -n = -4*g + 704, 4*g - 2*g - 352 = 5*n. Calculate the greatest common divisor of r and g.
16
Suppose -51 = -2*n + i, 0 = 3*i - 9 - 0. Let d(a) = a**2 - 3*a - 10. Let u be d(-4). What is the highest common divisor of u and n?
9
Let w(n) = -n**3 - 27*n**2 - 29*n - 33. Let b be w(-26). Suppose -2*r = -7*r + 75. Calculate the highest common factor of r and b.
15
Let x be (-1)/(-4) - 15/(-4). Suppose -3*f + x + 5 = 0. Suppose -3*b + 278 = -5*q + 7*q, 4*q + f*b - 568 = 0. Calculate the highest common divisor of 29 and q.
29
Let y(b) = -2*b**2 - 17*b - 6. Let g(z) = 5*z**2 + 52*z + 17. Let m(o) = 4*g(o) + 11*y(o). Let v be m(9). Calculate the highest common factor of 232 and v.
29
Let s(j) = j**2 + 2*j + 550. Let n be s(0). What is the greatest common divisor of n and 200?
50
Let y = 1955 - 1949. What is the greatest common divisor of 3 and y?
3
Let t be -2 + 1 + 18/2. Let m = 2 - -14. Let o be 1/(-8) - (-1026)/m. What is the greatest common factor of t and o?
8
Let i = -34 + 186. What is the highest common divisor of i and 19?
19
Let n be (-4 + 1 - -2)*-11. Let j be (-6 - -2)/((-22)/n). Suppose j*t = 3*t - 15. What is the greatest common divisor of 75 and t?
15
Let o = -80 - -219. Suppose 4*s + w - o = 0, 0*w - 47 = -2*s - 5*w. Suppose -z + 96 = -s. What is the greatest common divisor of 12 and z?
12
Let h(l) = 8*l**3 - 10*l**2 + 11*l + 18. Let k be h(6). Calculate the greatest common divisor of k and 12.
12
Suppose -3*n + 64 = -3*u - 2, 2*n = -3*u + 29. Calculate the greatest common factor of n and 19.
19
Let m(b) = 178*b**2 - 11*b + 9. Let i be m(1). Calculate the highest common divisor of 55 and i.
11
Suppose 87*r - 5957 = 80*r. Calculate the greatest common factor of r and 23.
23
Let i(o) = 19*o - 46. Let g be i(3). What is the highest common divisor of g and 352?
11
Suppose -9 = 4*l - 81. Let d = 119 + -117. Suppose 0*g - g - q + 140 = 0, d*g - 5*q = 308. Calculate the greatest common divisor of l and g.
18
Let d = -325 + 364. Calculate the greatest common factor of d and 26.
13
Suppose 2*t = -2*l + 22, -t + 3*t - 4*l + 2 = 0. Calculate the greatest common divisor of t and 3.
1
Let n = 1053 - 985. Calculate the highest common divisor of n and 170.
34
Suppose 6*s - 2191 = -571. Suppose 5*l - 75 - 75 = 0. Calculate the greatest common divisor of s and l.
30
Let x be 3/2 + (-39)/6. Let n(d) = -3*d + 0*d - 2*d**2 + 13 + d**2. Let i be n(x). What is the greatest common divisor of 6 and i?
3
Let x(b) = 82*b - 310. Let j be x(4). What is the greatest common divisor of j and 2682?
18
Let n be (-1)/(-5) - 10633/(-35). Let r = n - 160. Let u = 252 - r. What is the highest common divisor of u and 12?
12
Let q(f) = -6*f + 19. Let r be q(0). Calculate the highest common factor of 912 and r.
19
Let n be (-6)/((2 + -1)*-2). Suppose 8*u - 12 = 12. Calculate the greatest common divisor of u and n.
3
Suppose 23 = 5*k - 17. Suppose 5*y + k = -2, 5*d = 2*y + 14. Let h be -42*((-8)/6)/d. Calculate the greatest common factor of 4 and h.
4
Let m = -882 - -1025. Calculate the greatest common factor of 88 and m.
11
Let q be ((-5)/(-3))/((-1)/6). Let t be q/(-4)*(1 - -9). Suppose -4*d = 3*s - 30, -s + 3*d - 4 = -14. Calculate the highest common divisor of t and s.
5
Suppose 0 = y - 2*y + 338. Calculate the highest common divisor of 26 and y.
26
Let z be (9 - -23) + 10*-1. What is the highest common factor of 2101 and z?
11
Let g = -489 - -689. What is the highest common factor of g and 360?
40
Suppose -12*o = -14*o. Let p be (0 - o)*(-1 - 0). Suppose -5*x + 3*t + 379 = t, p = -x - 4*t + 89. Calculate the greatest common factor of x and 7.
7
Suppose -3*t - 5*m = -362, -m = m + 4. Suppose 11*f = 7*f + t. Suppose -3*c - f = -91. Calculate the highest common factor of 8 and c.
4
Suppose 10*m + 3*v = 5*m + 604, -4*v + 607 = 5*m. What is the greatest common divisor of 7 and m?
7
Suppose 2*n + 7 = 17, 2*n - 18 = 2*s. Let z be (9/6 + -1)*s. Let y be (-372)/(-18) + z/3. What is the highest common factor of 100 and y?
20
Let g be (2/(-15)*-5)/(38/1197). What is the highest common factor of g and 266?
7
Let q be 334/(-12) - (-13)/(-78). Let g(u) = 2*u**2 + 5*u + 8. Let f be g(-4). Let s = f - q. What is the greatest common divisor of 120 and s?
24
Let o be ((-28)/(-5))/((-1)/(-5)). Suppose 0 = 5*p - 204 - 636. What is the highest common factor of p and o?
28
Suppose 5*b - 66 = -4*l, 2*l + 2*b = -2*b + 30. Suppose 5*y - 11 = l. Calculate the highest common divisor of y and 30.
6
Suppose 4*l = 7*w - 3*w - 4, 0 = 5*l - 4*w. Let c = -15 + 55. Calculate the greatest common divisor of c and l.
4
Suppose 58*j - 9367 = 41*j. Calculate the highest common divisor of j and 58.
29
Let m = 10 - 18. Let n(u) be the first derivative of -u**4/4 - 7*u**3/3 - 5*u**2/2 - 5*u - 334. Let f be n(m). Calculate the highest common divisor of f and 11.
11
Suppose -u - 68 = -2*z, 4*z + 3*u = -0*z + 136. Let t = -10 + z. What is the highest common divisor of t and 264?
24
Suppose -3*c - 120 = -525. Sup